{"id":7482,"date":"2024-01-07T20:07:15","date_gmt":"2024-01-07T19:07:15","guid":{"rendered":"https:\/\/www.uwant.fr\/?post_type=evenement&#038;p=7482"},"modified":"2024-05-23T12:12:15","modified_gmt":"2024-05-23T10:12:15","slug":"agritechnica-2023","status":"publish","type":"evenement","link":"https:\/\/www.lagriculteur.fr\/blog\/evenement\/agritechnica-2023\/","title":{"rendered":"Agritechnica 2023"},"content":{"rendered":"\n<h2 class=\"wp-block-heading\" id=\"cap-sur-l-avenir-agricole-a-hanovre\">Cap sur l&rsquo;avenir agricole \u00e0 Hanovre<\/h2>\n\n\n\n<p class=\"wp-block-paragraph\">Au c\u0153ur de l&rsquo;innovation et des \u00e9volutions agricoles, <a href=\"https:\/\/www.lagriculteur.fr\/blog\/revolution-agricole-a-lagritechnica-2023-innovations-cles-pour-une-agriculture-durable\/\" data-type=\"post\" data-id=\"7566\">Agritechnica 2023<\/a> ouvre ses portes apr\u00e8s une interruption de quatre ans et revient avec un accent sur la s\u00e9curit\u00e9 alimentaire, la conservation et l&rsquo;am\u00e9lioration de la biodiversit\u00e9. Du 12 novembre 2023 au 18 novembre 2023, Agritechnica, le salon mondial des machines agricoles, se tiendra \u00e0 nouveau \u00e0 Hanovre, en Allemagne. R\u00e9put\u00e9 pour sa taille et son envergure internationale, l&rsquo;\u00e9v\u00e9nement attire des exposants et des visiteurs du monde entier, tous passionn\u00e9s par les derni\u00e8res technologies et innovations du secteur agricole.<\/p>\n\n\n\n<p class=\"wp-block-paragraph\">Actuellement, les planificateurs ont confirm\u00e9 2 800 exposants de 53 pays diff\u00e9rents. Des acteurs majeurs tels que John Deere, JCB, Grimme et Sulky-Burel sont parmi les participants. Cette exposition a un total de halls d&rsquo;exposition 23 d&rsquo;une superficie de 44 hectares. La disposition de l&rsquo;exposition suit le mod\u00e8le de 2019 et est organis\u00e9e par cat\u00e9gorie de produits. Alors que les grands d\u00e9taillants seront r\u00e9partis aux quatre coins du salon, les fournisseurs de composants se rassembleront dans une zone centrale, comprenant les halls 15, 16 et 17.<\/p>\n\n\n\n<figure class=\"wp-block-image size-full\"><img loading=\"lazy\" decoding=\"async\" width=\"514\" height=\"343\" src=\"https:\/\/www.lagriculteur.fr\/blog\/wp-content\/uploads\/2024\/05\/agritechnica-1.png\" alt=\"agritechnica 1\" class=\"wp-image-8330\" srcset=\"https:\/\/www.lagriculteur.fr\/blog\/wp-content\/uploads\/2024\/05\/agritechnica-1.png 514w, https:\/\/www.lagriculteur.fr\/blog\/wp-content\/uploads\/2024\/05\/agritechnica-1-300x200.png 300w\" sizes=\"auto, (max-width: 514px) 100vw, 514px\" \/><\/figure>\n\n\n\n<p class=\"wp-block-paragraph\"><span style=\"font-weight: 400;\">Passons maintenant \u00e0 l&rsquo;un des volets les plus attendus de l&rsquo;\u00e9v\u00e9nement : le programme d&rsquo;exposition d\u00e9taill\u00e9, qui promet d&rsquo;\u00e9blouir et d&rsquo;informer tous les participants:<\/span><\/p>\n\n\n\n<ul class=\"wp-block-list\">\n<li>Techniques de protection phytosanitaire, traitements des plantes, fertilisation<\/li>\n\n\n\n<li>Semences, engrais, produits phytosanitaires, carburants et lubrifiants<\/li>\n\n\n\n<li>Techniques de travail du sol, semis<\/li>\n\n\n\n<li>Techniques de traitement, de pr\u00e9paration et de stockage des r\u00e9coltes<\/li>\n\n\n\n<li>Techniques d\u00e9di\u00e9es \u00e0 la r\u00e9colte de c\u00e9r\u00e9ales, de fourrage et de grandes cultures<\/li>\n\n\n\n<li>Robotique, \u00e9lectronique, logiciels agricoles et agriculture de pr\u00e9cision<\/li>\n\n\n\n<li>Tracteurs, chargeurs frontaux, chariots t\u00e9lescopiques, v\u00e9hicules de transport, techniques de manutention<\/li>\n\n\n\n<li>Techniques pour les fruits, les l\u00e9gumes et les cultures sp\u00e9ciales, l&rsquo;arrosage et l&rsquo;irrigation<\/li>\n\n\n\n<li>Mat\u00e9riels forestiers, mat\u00e9riels espaces verts et collectivit\u00e9s locales<\/li>\n\n\n\n<li>Techniques et services, de l&rsquo;atelier \u00e0 la commercialisation de machines d&rsquo;occasion<\/li>\n\n\n\n<li>Associations, f\u00e9d\u00e9rations, organisations, institutions scientifiques et de recherche<\/li>\n<\/ul>\n\n\n\n<p class=\"wp-block-paragraph\">Voir aussi &gt;&gt;  <a href=\"https:\/\/www.lagriculteur.fr\/blog\/evenement\/agritechday-2023\/\" data-type=\"evenement\" data-id=\"7478\">Agritech Day 2023 : La Fusion d\u2019Innovation et d\u2019Agriculture<\/a><\/p>\n\n\n\n<h2 class=\"wp-block-heading\" id=\"achats-de-billets\">Achats de billets<\/h2>\n\n\n\n<p class=\"wp-block-paragraph\"><a href=\"https:\/\/www.messe-ticket.de\/DLG\/AGRITECHNICA2023\/Shop?Culture=EN\" target=\"_blank\" rel=\"noopener\">Achetez vos billets d\u00e8s maintenant<\/a><\/p>\n\n\n\n<p class=\"wp-block-paragraph\"><a href=\"https:\/\/www.lagriculteur.fr\/\">Visitez notre boutique en ligne pour trouver des pi\u00e8ces de qualit\u00e9 pour vos \u00e9quipements sur lagriculteur.fr.<\/a><\/p>\n","protected":false},"excerpt":{"rendered":"<p>Cap sur l&rsquo;avenir agricole \u00e0 Hanovre Au c\u0153ur de l&rsquo;innovation et des \u00e9volutions agricoles, Agritechnica 2023 ouvre ses portes apr\u00e8s une interruption de quatre ans et revient avec un accent sur la s\u00e9curit\u00e9 alimentaire, la conservation et l&rsquo;am\u00e9lioration de la biodiversit\u00e9. Du 12 novembre 2023 au 18 novembre 2023, Agritechnica, le salon mondial des machines [&hellip;]<\/p>\n","protected":false},"author":8,"featured_media":7485,"parent":0,"template":"","c-evenement":[379,385],"class_list":["post-7482","evenement","type-evenement","status-publish","has-post-thumbnail","c-evenement-agritechnica","c-evenement-event"],"blocksy_meta":{"styles_descriptor":{"styles":{"desktop":"","tablet":"","mobile":""},"google_fonts":[],"version":7}},"acf":[],"_links":{"self":[{"href":"https:\/\/www.lagriculteur.fr\/blog\/wp-json\/wp\/v2\/evenement\/7482","targetHints":{"allow":["GET"]}}],"collection":[{"href":"https:\/\/www.lagriculteur.fr\/blog\/wp-json\/wp\/v2\/evenement"}],"about":[{"href":"https:\/\/www.lagriculteur.fr\/blog\/wp-json\/wp\/v2\/types\/evenement"}],"author":[{"embeddable":true,"href":"https:\/\/www.lagriculteur.fr\/blog\/wp-json\/wp\/v2\/users\/8"}],"version-history":[{"count":4,"href":"https:\/\/www.lagriculteur.fr\/blog\/wp-json\/wp\/v2\/evenement\/7482\/revisions"}],"predecessor-version":[{"id":8331,"href":"https:\/\/www.lagriculteur.fr\/blog\/wp-json\/wp\/v2\/evenement\/7482\/revisions\/8331"}],"wp:featuredmedia":[{"embeddable":true,"href":"https:\/\/www.lagriculteur.fr\/blog\/wp-json\/wp\/v2\/media\/7485"}],"wp:attachment":[{"href":"https:\/\/www.lagriculteur.fr\/blog\/wp-json\/wp\/v2\/media?parent=7482"}],"wp:term":[{"taxonomy":"c-evenement","embeddable":true,"href":"https:\/\/www.lagriculteur.fr\/blog\/wp-json\/wp\/v2\/c-evenement?post=7482"}],"curies":[{"name":"wp","href":"https:\/\/api.w.org\/{rel}","templated":true}]}}

<h2 class="wp-block-heading" id="cap-sur-l-avenir-agricole-a-hanovre">Cap sur l&rsquo;avenir agricole à Hanovre</h2>



<p class="wp-block-paragraph">Au cœur de l&rsquo;innovation et des évolutions agricoles, <a href="https://www.lagriculteur.fr/blog/revolution-agricole-a-lagritechnica-2023-innovations-cles-pour-une-agriculture-durable/" data-type="post" data-id="7566">Agritechnica 2023</a> ouvre ses portes après une interruption de quatre ans et revient avec un accent sur la sécurité alimentaire, la conservation et l&rsquo;amélioration de la biodiversité. Du 12 novembre 2023 au 18 novembre 2023, Agritechnica, le salon mondial des machines agricoles, se tiendra à nouveau à Hanovre, en Allemagne. Réputé pour sa taille et son envergure internationale, l&rsquo;événement attire des exposants et des visiteurs du monde entier, tous passionnés par les dernières technologies et innovations du secteur agricole.</p>



<p class="wp-block-paragraph">Actuellement, les planificateurs ont confirmé 2 800 exposants de 53 pays différents. Des acteurs majeurs tels que John Deere, JCB, Grimme et Sulky-Burel sont parmi les participants. Cette exposition a un total de halls d&rsquo;exposition 23 d&rsquo;une superficie de 44 hectares. La disposition de l&rsquo;exposition suit le modèle de 2019 et est organisée par catégorie de produits. Alors que les grands détaillants seront répartis aux quatre coins du salon, les fournisseurs de composants se rassembleront dans une zone centrale, comprenant les halls 15, 16 et 17.</p>



<figure class="wp-block-image size-full"><img loading="lazy" decoding="async" width="514" height="343" src="https://www.lagriculteur.fr/blog/wp-content/uploads/2024/05/agritechnica-1.png" alt="agritechnica 1" class="wp-image-8330" srcset="https://www.lagriculteur.fr/blog/wp-content/uploads/2024/05/agritechnica-1.png 514w, https://www.lagriculteur.fr/blog/wp-content/uploads/2024/05/agritechnica-1-300x200.png 300w" sizes="auto, (max-width: 514px) 100vw, 514px" /></figure>



<p class="wp-block-paragraph"><span style="font-weight: 400;">Passons maintenant à l&rsquo;un des volets les plus attendus de l&rsquo;événement : le programme d&rsquo;exposition détaillé, qui promet d&rsquo;éblouir et d&rsquo;informer tous les participants:</span></p>



<ul class="wp-block-list">
<li>Techniques de protection phytosanitaire, traitements des plantes, fertilisation</li>



<li>Semences, engrais, produits phytosanitaires, carburants et lubrifiants</li>



<li>Techniques de travail du sol, semis</li>



<li>Techniques de traitement, de préparation et de stockage des récoltes</li>



<li>Techniques dédiées à la récolte de céréales, de fourrage et de grandes cultures</li>



<li>Robotique, électronique, logiciels agricoles et agriculture de précision</li>



<li>Tracteurs, chargeurs frontaux, chariots télescopiques, véhicules de transport, techniques de manutention</li>



<li>Techniques pour les fruits, les légumes et les cultures spéciales, l&rsquo;arrosage et l&rsquo;irrigation</li>



<li>Matériels forestiers, matériels espaces verts et collectivités locales</li>



<li>Techniques et services, de l&rsquo;atelier à la commercialisation de machines d&rsquo;occasion</li>



<li>Associations, fédérations, organisations, institutions scientifiques et de recherche</li>
</ul>



<p class="wp-block-paragraph">Voir aussi &gt;&gt;  <a href="https://www.lagriculteur.fr/blog/evenement/agritechday-2023/" data-type="evenement" data-id="7478">Agritech Day 2023 : La Fusion d’Innovation et d’Agriculture</a></p>



<h2 class="wp-block-heading" id="achats-de-billets">Achats de billets</h2>



<p class="wp-block-paragraph"><a href="https://www.messe-ticket.de/DLG/AGRITECHNICA2023/Shop?Culture=EN" target="_blank" rel="noopener">Achetez vos billets dès maintenant</a></p>



<p class="wp-block-paragraph"><a href="https://www.lagriculteur.fr/">Visitez notre boutique en ligne pour trouver des pièces de qualité pour vos équipements sur lagriculteur.fr.</a></p>

<p>Cap sur l&rsquo;avenir agricole à Hanovre Au cœur de l&rsquo;innovation et des évolutions agricoles, Agritechnica 2023 ouvre ses portes après une interruption de quatre ans et revient avec un accent sur la sécurité alimentaire, la conservation et l&rsquo;amélioration de la biodiversité. Du 12 novembre 2023 au 18 novembre 2023, Agritechnica, le salon mondial des machines [&hellip;]</p>
