{"id":7928,"date":"2024-04-29T12:01:26","date_gmt":"2024-04-29T10:01:26","guid":{"rendered":"https:\/\/www.lagriculteur.fr\/blog\/?post_type=evenement&#038;p=7928"},"modified":"2024-04-29T12:01:27","modified_gmt":"2024-04-29T10:01:27","slug":"salon-de-lherbe-et-des-fourrages","status":"publish","type":"evenement","link":"https:\/\/www.lagriculteur.fr\/blog\/evenement\/salon-de-lherbe-et-des-fourrages\/","title":{"rendered":"Salon de l&rsquo;herbe et des fourrages"},"content":{"rendered":"\n<p class=\"wp-block-paragraph\">Le Salon de l\u2019Herbe et des Fourrages est un rendez-vous annuel crucial pour les \u00e9leveurs et les professionnels de l&rsquo;agriculture. Alternant entre trois grands bassins d\u2019\u00e9levage en France \u2014 le Centre \u00e0 Villefranche d\u2019Allier, l\u2019Est \u00e0 Poussay, et l\u2019Ouest \u00e0 Nouvoitou \u2014 cet \u00e9v\u00e9nement est une plateforme unique pour l&rsquo;exposition et la d\u00e9monstration en plein champ des derni\u00e8res innovations en agriculture\u200b\u200b\u200b\u200b.<\/p>\n\n\n\n<figure class=\"wp-block-image aligncenter size-full is-resized\"><img loading=\"lazy\" decoding=\"async\" width=\"662\" height=\"366\" src=\"https:\/\/www.lagriculteur.fr\/blog\/wp-content\/uploads\/2024\/04\/salon-de-lherbe-et-des-fourrages-1.png\" alt=\"salon de lherbe et des fourrages 1\" class=\"wp-image-7937\" style=\"width:625px;height:auto\" srcset=\"https:\/\/www.lagriculteur.fr\/blog\/wp-content\/uploads\/2024\/04\/salon-de-lherbe-et-des-fourrages-1.png 662w, https:\/\/www.lagriculteur.fr\/blog\/wp-content\/uploads\/2024\/04\/salon-de-lherbe-et-des-fourrages-1-300x166.png 300w\" sizes=\"auto, (max-width: 662px) 100vw, 662px\" \/><\/figure>\n\n\n\n<h2 class=\"wp-block-heading\" id=\"un-veritable-terrain-d-essai\">Un v\u00e9ritable terrain d&rsquo;essai<\/h2>\n\n\n\n<p class=\"wp-block-paragraph\">S&rsquo;\u00e9tendant sur plus de 40 hectares, le salon est con\u00e7u comme une v\u00e9ritable exploitation agricole. Il permet aux visiteurs de tester et d&rsquo;observer les \u00e9quipements et produits de plus de 160 marques dans des conditions r\u00e9elles, offrant ainsi une exp\u00e9rience immersive et pratique. Les d\u00e9monstrations couvrent diverses techniques agricoles telles que l\u2019andainage, le broyage, et l\u2019ensilage, pour ne citer que quelques-unes\u200b\u200b.<\/p>\n\n\n\n<h2 class=\"wp-block-heading\" id=\"une-opportunite-d-apprentissage-avec-des-experts\">Une opportunit\u00e9 d&rsquo;apprentissage avec des experts<\/h2>\n\n\n\n<p class=\"wp-block-paragraph\">Le salon n&rsquo;est pas seulement une vitrine de technologies et de produits, mais aussi un centre de savoir. Des experts ind\u00e9pendants proposent des conf\u00e9rences et des ateliers sur des sujets vari\u00e9s allant de l&rsquo;agroforesterie \u00e0 la gestion des prairies, en passant par les strat\u00e9gies d&rsquo;adaptation au changement climatique. Ces sessions sont con\u00e7ues pour offrir des conseils pratiques et applicables pour optimiser la gestion des cultures fourrag\u00e8res\u200b\u200b\u200b\u200b.<\/p>\n\n\n\n<h2 class=\"wp-block-heading\" id=\"informations-pratiques-pour-les-visiteurs\">Informations pratiques pour les visiteurs<\/h2>\n\n\n\n<p class=\"wp-block-paragraph\">Les prochaines \u00e9ditions se tiendront les 29 et 30 mai 2024 \u00e0 Nouvoitou, et les 21 et 22 mai 2025 \u00e0 Villefranche-d\u2019Allier. Les tarifs d\u2019entr\u00e9e sont abordables, avec un tarif r\u00e9duit pour les inscriptions en ligne et des conditions sp\u00e9ciales pour les \u00e9tudiants et les visiteurs internationaux. De plus, des options de restauration vari\u00e9es sont disponibles pour garantir un confort maximum durant votre visite.<\/p>\n\n\n\n<h2 class=\"wp-block-heading\" id=\"tarifs\">Tarifs<\/h2>\n\n\n\n<ul class=\"wp-block-list\">\n<li>L&rsquo;inscription sur place co\u00fbte 10 \u20ac par personne<\/li>\n\n\n\n<li>L&rsquo;inscription en ligne co\u00fbte 5 \u20ac par personne<\/li>\n\n\n\n<li>Les enfants de moins de 15 ans sont gratuits<\/li>\n\n\n\n<li>Gratuit pour les visiteurs avec lettre d&rsquo;invitation<\/li>\n\n\n\n<li>Tarif \u00e9tudiant : 5 \u20ac sur place (sur pr\u00e9sentation d&rsquo;un justificatif)<\/li>\n\n\n\n<li>Gratuit pour les \u00e9trangers munis d&rsquo;un passeport<\/li>\n<\/ul>\n\n\n\n<h2 class=\"wp-block-heading\" id=\"comment-s-y-rendre\">Comment s\u2019y rendre ?&nbsp;<\/h2>\n\n\n\n<p class=\"wp-block-paragraph\"><strong>En train:<\/strong><\/p>\n\n\n\n<p class=\"wp-block-paragraph\">Gare TGV de Rennes, puis taxi ou voiture de location (25 minutes)<\/p>\n\n\n\n<p class=\"wp-block-paragraph\"><strong>En voiture:<\/strong><\/p>\n\n\n\n<p class=\"wp-block-paragraph\">D\u00e8s votre arriv\u00e9e \u00e0 Nouvoitou (35), \u00e0 10 kilom\u00e8tres au sud-est de Rennes, suivez les panneaux<\/p>\n\n\n\n<p class=\"wp-block-paragraph\"><strong>Aller en avion :<\/strong><\/p>\n\n\n\n<p class=\"wp-block-paragraph\">A\u00e9roport Rennes Bretagne, puis taxi ou voiture de location (20 minutes)<\/p>\n\n\n\n<p class=\"wp-block-paragraph\">Retrouvez toutes les nouvelles des \u00e9v\u00e9nements agricoles dans notre s\u00e9rie <em>Technologies et innovations<\/em> du blog l\u2019agriculteur.fr<\/p>\n","protected":false},"excerpt":{"rendered":"<p>Le Salon de l\u2019Herbe et des Fourrages est un rendez-vous annuel crucial pour les \u00e9leveurs et les professionnels de l&rsquo;agriculture. Alternant entre trois grands bassins d\u2019\u00e9levage en France \u2014 le Centre \u00e0 Villefranche d\u2019Allier, l\u2019Est \u00e0 Poussay, et l\u2019Ouest \u00e0 Nouvoitou \u2014 cet \u00e9v\u00e9nement est une plateforme unique pour l&rsquo;exposition et la d\u00e9monstration en plein [&hellip;]<\/p>\n","protected":false},"author":6,"featured_media":7932,"parent":0,"template":"","c-evenement":[385],"class_list":["post-7928","evenement","type-evenement","status-publish","has-post-thumbnail","c-evenement-event"],"blocksy_meta":{"styles_descriptor":{"styles":{"desktop":"","tablet":"","mobile":""},"google_fonts":[],"version":7}},"acf":[],"_links":{"self":[{"href":"https:\/\/www.lagriculteur.fr\/blog\/wp-json\/wp\/v2\/evenement\/7928","targetHints":{"allow":["GET"]}}],"collection":[{"href":"https:\/\/www.lagriculteur.fr\/blog\/wp-json\/wp\/v2\/evenement"}],"about":[{"href":"https:\/\/www.lagriculteur.fr\/blog\/wp-json\/wp\/v2\/types\/evenement"}],"author":[{"embeddable":true,"href":"https:\/\/www.lagriculteur.fr\/blog\/wp-json\/wp\/v2\/users\/6"}],"version-history":[{"count":6,"href":"https:\/\/www.lagriculteur.fr\/blog\/wp-json\/wp\/v2\/evenement\/7928\/revisions"}],"predecessor-version":[{"id":7940,"href":"https:\/\/www.lagriculteur.fr\/blog\/wp-json\/wp\/v2\/evenement\/7928\/revisions\/7940"}],"wp:featuredmedia":[{"embeddable":true,"href":"https:\/\/www.lagriculteur.fr\/blog\/wp-json\/wp\/v2\/media\/7932"}],"wp:attachment":[{"href":"https:\/\/www.lagriculteur.fr\/blog\/wp-json\/wp\/v2\/media?parent=7928"}],"wp:term":[{"taxonomy":"c-evenement","embeddable":true,"href":"https:\/\/www.lagriculteur.fr\/blog\/wp-json\/wp\/v2\/c-evenement?post=7928"}],"curies":[{"name":"wp","href":"https:\/\/api.w.org\/{rel}","templated":true}]}}

<p class="wp-block-paragraph">Le Salon de l’Herbe et des Fourrages est un rendez-vous annuel crucial pour les éleveurs et les professionnels de l&rsquo;agriculture. Alternant entre trois grands bassins d’élevage en France — le Centre à Villefranche d’Allier, l’Est à Poussay, et l’Ouest à Nouvoitou — cet événement est une plateforme unique pour l&rsquo;exposition et la démonstration en plein champ des dernières innovations en agriculture​​​​.</p>



<figure class="wp-block-image aligncenter size-full is-resized"><img loading="lazy" decoding="async" width="662" height="366" src="https://www.lagriculteur.fr/blog/wp-content/uploads/2024/04/salon-de-lherbe-et-des-fourrages-1.png" alt="salon de lherbe et des fourrages 1" class="wp-image-7937" style="width:625px;height:auto" srcset="https://www.lagriculteur.fr/blog/wp-content/uploads/2024/04/salon-de-lherbe-et-des-fourrages-1.png 662w, https://www.lagriculteur.fr/blog/wp-content/uploads/2024/04/salon-de-lherbe-et-des-fourrages-1-300x166.png 300w" sizes="auto, (max-width: 662px) 100vw, 662px" /></figure>



<h2 class="wp-block-heading" id="un-veritable-terrain-d-essai">Un véritable terrain d&rsquo;essai</h2>



<p class="wp-block-paragraph">S&rsquo;étendant sur plus de 40 hectares, le salon est conçu comme une véritable exploitation agricole. Il permet aux visiteurs de tester et d&rsquo;observer les équipements et produits de plus de 160 marques dans des conditions réelles, offrant ainsi une expérience immersive et pratique. Les démonstrations couvrent diverses techniques agricoles telles que l’andainage, le broyage, et l’ensilage, pour ne citer que quelques-unes​​.</p>



<h2 class="wp-block-heading" id="une-opportunite-d-apprentissage-avec-des-experts">Une opportunité d&rsquo;apprentissage avec des experts</h2>



<p class="wp-block-paragraph">Le salon n&rsquo;est pas seulement une vitrine de technologies et de produits, mais aussi un centre de savoir. Des experts indépendants proposent des conférences et des ateliers sur des sujets variés allant de l&rsquo;agroforesterie à la gestion des prairies, en passant par les stratégies d&rsquo;adaptation au changement climatique. Ces sessions sont conçues pour offrir des conseils pratiques et applicables pour optimiser la gestion des cultures fourragères​​​​.</p>



<h2 class="wp-block-heading" id="informations-pratiques-pour-les-visiteurs">Informations pratiques pour les visiteurs</h2>



<p class="wp-block-paragraph">Les prochaines éditions se tiendront les 29 et 30 mai 2024 à Nouvoitou, et les 21 et 22 mai 2025 à Villefranche-d’Allier. Les tarifs d’entrée sont abordables, avec un tarif réduit pour les inscriptions en ligne et des conditions spéciales pour les étudiants et les visiteurs internationaux. De plus, des options de restauration variées sont disponibles pour garantir un confort maximum durant votre visite.</p>



<h2 class="wp-block-heading" id="tarifs">Tarifs</h2>



<ul class="wp-block-list">
<li>L&rsquo;inscription sur place coûte 10 € par personne</li>



<li>L&rsquo;inscription en ligne coûte 5 € par personne</li>



<li>Les enfants de moins de 15 ans sont gratuits</li>



<li>Gratuit pour les visiteurs avec lettre d&rsquo;invitation</li>



<li>Tarif étudiant : 5 € sur place (sur présentation d&rsquo;un justificatif)</li>



<li>Gratuit pour les étrangers munis d&rsquo;un passeport</li>
</ul>



<h2 class="wp-block-heading" id="comment-s-y-rendre">Comment s’y rendre ?&nbsp;</h2>



<p class="wp-block-paragraph"><strong>En train:</strong></p>



<p class="wp-block-paragraph">Gare TGV de Rennes, puis taxi ou voiture de location (25 minutes)</p>



<p class="wp-block-paragraph"><strong>En voiture:</strong></p>



<p class="wp-block-paragraph">Dès votre arrivée à Nouvoitou (35), à 10 kilomètres au sud-est de Rennes, suivez les panneaux</p>



<p class="wp-block-paragraph"><strong>Aller en avion :</strong></p>



<p class="wp-block-paragraph">Aéroport Rennes Bretagne, puis taxi ou voiture de location (20 minutes)</p>



<p class="wp-block-paragraph">Retrouvez toutes les nouvelles des événements agricoles dans notre série <em>Technologies et innovations</em> du blog l’agriculteur.fr</p>

<p>Le Salon de l’Herbe et des Fourrages est un rendez-vous annuel crucial pour les éleveurs et les professionnels de l&rsquo;agriculture. Alternant entre trois grands bassins d’élevage en France — le Centre à Villefranche d’Allier, l’Est à Poussay, et l’Ouest à Nouvoitou — cet événement est une plateforme unique pour l&rsquo;exposition et la démonstration en plein [&hellip;]</p>
