{"id":8569,"date":"2024-07-10T13:02:13","date_gmt":"2024-07-10T11:02:13","guid":{"rendered":"https:\/\/www.lagriculteur.fr\/blog\/?post_type=evenement&#038;p=8569"},"modified":"2024-07-11T09:29:02","modified_gmt":"2024-07-11T07:29:02","slug":"innov-agri-2024-le-salon-incontournable-pour-les-agriculteurs","status":"publish","type":"evenement","link":"https:\/\/www.lagriculteur.fr\/blog\/evenement\/innov-agri-2024-le-salon-incontournable-pour-les-agriculteurs\/","title":{"rendered":"Innov-Agri 2024 : Le salon incontournable pour les agriculteurs"},"content":{"rendered":"\n<p class=\"wp-block-paragraph\"><strong>Le salon qui cultive l\u2019avenir de l\u2019agriculture fran\u00e7aise<\/strong><\/p>\n\n\n\n<p class=\"wp-block-paragraph\">Depuis plus de 30 ans, Innov-Agri, orchestr\u00e9 par Le Groupe France Agricole, se distingue comme un \u00e9v\u00e9nement en plein champ majeur. Sa mission : rapprocher les agriculteurs des fournisseurs de la fili\u00e8re dans des conditions r\u00e9elles d&rsquo;utilisation. Cette rencontre offre aux exploitants, \u00e9leveurs, et entrepreneurs une occasion unique de se former, de s&rsquo;informer et de d\u00e9couvrir les derni\u00e8res innovations techniques et process agricoles.<\/p>\n\n\n\n<p class=\"wp-block-paragraph\"><strong>Rendez-vous les 4 &amp; 5 septembre 2024 \u00e0 Ondes (Haute-Garonne) !<\/strong><\/p>\n\n\n\n<h3 class=\"wp-block-heading\" id=\"innov-agri-preparez-l-avenir-de-votre-exploitation\">Innov-Agri : pr\u00e9parez l&rsquo;avenir de votre exploitation<\/h3>\n\n\n\n<p class=\"wp-block-paragraph\"><strong>Optimisez votre pilotage agricole<\/strong><\/p>\n\n\n\n<p class=\"wp-block-paragraph\">Au salon <a href=\"https:\/\/www.lagriculteur.fr\/blog\/evenement\/innov-agri-2023\/\" data-type=\"evenement\" data-id=\"7474\">Innov-Agri<\/a>, explorez des pistes techniques et \u00e9conomiques pour optimiser la gestion de votre exploitation. Rencontrez des experts, d\u00e9couvrez des technologies de pointe et des solutions innovantes adapt\u00e9es \u00e0 vos besoins sp\u00e9cifiques. Avec plus de 400 marques repr\u00e9sent\u00e9es, des leaders du march\u00e9 aux entreprises \u00e9mergentes, l\u2019offre y est diversifi\u00e9e et renouvel\u00e9e.<\/p>\n\n\n\n<p class=\"wp-block-paragraph\"><strong>Des exposants diversifi\u00e9s et renouvel\u00e9s<\/strong><\/p>\n\n\n\n<p class=\"wp-block-paragraph\">Chaque \u00e9dition d&rsquo;Innov-Agri accueille environ un quart de nouveaux exposants, offrant ainsi un panorama actualis\u00e9 des derni\u00e8res innovations en mati\u00e8re de produits et services agricoles. Que vous recherchiez des intrants, des solutions de stockage, du mat\u00e9riel agricole ou des services pour am\u00e9liorer la performance de votre exploitation, Innov-Agri r\u00e9pond \u00e0 toutes vos attentes.<\/p>\n\n\n\n<h3 class=\"wp-block-heading\" id=\"un-parcours-de-visite-unique\">Un parcours de visite unique<\/h3>\n\n\n\n<p class=\"wp-block-paragraph\"><strong>Adapt\u00e9 \u00e0 tous les profils d\u2019agriculteurs<\/strong><\/p>\n\n\n\n<p class=\"wp-block-paragraph\">Que vous soyez c\u00e9r\u00e9alier, polyculteur \u00e9leveur, producteur de cultures sp\u00e9ciales ou industrielles, entrepreneur agricole ou simplement int\u00e9ress\u00e9 par l&rsquo;agriculture, Innov-Agri propose des solutions pertinentes pour chacun. Un parcours de visite unique vous guide \u00e0 travers les diff\u00e9rents stands, vous assurant de ne rien manquer de l&rsquo;\u00e9v\u00e9nement.<\/p>\n\n\n\n<figure class=\"wp-block-image size-large\"><img loading=\"lazy\" decoding=\"async\" width=\"1024\" height=\"154\" src=\"https:\/\/www.lagriculteur.fr\/blog\/wp-content\/uploads\/2024\/07\/innovagr-1024x154.png\" alt=\"innovagr\" class=\"wp-image-8572\" srcset=\"https:\/\/www.lagriculteur.fr\/blog\/wp-content\/uploads\/2024\/07\/innovagr-1024x154.png 1024w, https:\/\/www.lagriculteur.fr\/blog\/wp-content\/uploads\/2024\/07\/innovagr-300x45.png 300w, https:\/\/www.lagriculteur.fr\/blog\/wp-content\/uploads\/2024\/07\/innovagr-768x115.png 768w, https:\/\/www.lagriculteur.fr\/blog\/wp-content\/uploads\/2024\/07\/innovagr-1536x231.png 1536w, https:\/\/www.lagriculteur.fr\/blog\/wp-content\/uploads\/2024\/07\/innovagr.png 1816w\" sizes=\"auto, (max-width: 1024px) 100vw, 1024px\" \/><\/figure>\n\n\n\n<h3 class=\"wp-block-heading\" id=\"des-demonstrations-et-ateliers-enrichissants\">Des d\u00e9monstrations et ateliers enrichissants<\/h3>\n\n\n\n<p class=\"wp-block-paragraph\"><strong>Voir, toucher, et comprendre<\/strong><\/p>\n\n\n\n<p class=\"wp-block-paragraph\">Innov-Agri, c\u2019est le salon o\u00f9 vous pouvez voir et toucher les mat\u00e9riels agricoles en action. Profitez des d\u00e9monstrations vari\u00e9es et souvent exclusives des nouveaut\u00e9s en plein champ. Assistez \u00e9galement \u00e0 des ateliers et explorez les villages th\u00e9matiques, o\u00f9 experts et exposants sont \u00e0 votre disposition pour r\u00e9pondre \u00e0 toutes vos questions et vous aider \u00e0 amorcer ou approfondir vos projets.<\/p>\n\n\n\n<h3 class=\"wp-block-heading\" id=\"l-innovation-a-l-honneur\">L\u2019innovation \u00e0 l\u2019honneur<\/h3>\n\n\n\n<p class=\"wp-block-paragraph\"><strong>D\u00e9couvrez les derni\u00e8res avanc\u00e9es technologiques<\/strong><\/p>\n\n\n\n<p class=\"wp-block-paragraph\">Les constructeurs choisissent souvent Innov-Agri pour pr\u00e9senter leurs innovations en action pour la premi\u00e8re fois. Venez d\u00e9couvrir les technologies qui r\u00e9volutionneront l\u2019agriculture de demain, des tracteurs de 50 CV aux mastodontes de plus de 1000 CV, des mat\u00e9riels de fenaison aux plus grandes barres de coupe.<\/p>\n\n\n\n<h3 class=\"wp-block-heading\" id=\"une-experience-de-visite-optimisee\">Une exp\u00e9rience de visite optimis\u00e9e<\/h3>\n\n\n\n<p class=\"wp-block-paragraph\"><strong>Confort et convivialit\u00e9 au rendez-vous<\/strong><\/p>\n\n\n\n<p class=\"wp-block-paragraph\">L\u2019acc\u00e8s au salon se fait sans contact gr\u00e2ce \u00e0 une plateforme d\u2019enregistrement en ligne. Des espaces de restauration et des villages sanitaires sont r\u00e9partis sur le site pour vous garantir une visite agr\u00e9able. Innov-Agri, c\u2019est aussi une ambiance conviviale et professionnelle, o\u00f9 les \u00e9changes et les rencontres sont favoris\u00e9s.<\/p>\n\n\n\n<p class=\"wp-block-paragraph\"><strong>Entr\u00e9e gratuite et pratique<\/strong><\/p>\n\n\n\n<p class=\"wp-block-paragraph\">Le Groupe NGPA, organisateur de l\u2019\u00e9v\u00e9nement, invite gratuitement tous les professionnels de l\u2019agriculture. Assurez-vous de t\u00e9l\u00e9charger votre badge d\u2019acc\u00e8s pour gagner du temps \u00e0 l\u2019entr\u00e9e.<\/p>\n\n\n\n<p class=\"wp-block-paragraph\">Voir le prochain \u00e9v\u00e9nement &gt;&gt; <a href=\"https:\/\/www.lagriculteur.fr\/blog\/evenement\/eima-international-2024-un-rendez-vous-incontournable-pour-lavenir-de-lagriculture\/\" data-type=\"evenement\" data-id=\"8217\">EIMA International 2024 : un rendez-vous incontournable pour l\u2019avenir de l\u2019agriculture<\/a><\/p>\n\n\n\n<h3 class=\"wp-block-heading\" id=\"informations-pratiques\">Informations pratiques<\/h3>\n\n\n\n<p class=\"wp-block-paragraph\"><strong>Horaires d&rsquo;ouverture<\/strong><\/p>\n\n\n\n<ul class=\"wp-block-list\">\n<li>Exposants : Mercredi 4 septembre de 7h00 \u00e0 19h00, Jeudi 5 septembre de 7h00 \u00e0 21h00<\/li>\n\n\n\n<li>Visiteurs : Mercredi 4 septembre de 8h30 \u00e0 18h30, Jeudi 5 septembre de 8h30 \u00e0 17h30<\/li>\n<\/ul>\n\n\n\n<p class=\"wp-block-paragraph\"><strong>Lieu et acc\u00e8s<\/strong><\/p>\n\n\n\n<ul class=\"wp-block-list\">\n<li>Adresse : Lyc\u00e9e Agricole d\u2019Ondes, Route de Castelnau, 31330 Ondes<\/li>\n\n\n\n<li>Acc\u00e8s par l\u2019autoroute E9, sortie n\u00b010.1 GRENADE \u2013 Eurocentre<\/li>\n<\/ul>\n\n\n\n<p class=\"wp-block-paragraph\"><strong>Services sur place<\/strong><\/p>\n\n\n\n<ul class=\"wp-block-list\">\n<li>Parking gratuit sans surveillance<\/li>\n\n\n\n<li>Restauration : 4 snacks r\u00e9partis sur le site<\/li>\n\n\n\n<li>Vestiaire et consignes non disponibles<\/li>\n<\/ul>\n\n\n\n<p class=\"wp-block-paragraph\"><strong>R\u00e8gles de s\u00e9curit\u00e9<\/strong><\/p>\n\n\n\n<ul class=\"wp-block-list\">\n<li>Plan Vigipirate en vigueur : arrivez t\u00f4t, \u00e9vitez les sacs inutiles, ayez une pi\u00e8ce d\u2019identit\u00e9 sur vous.<\/li>\n\n\n\n<li>Animaux accept\u00e9s en laisse, objets tranchants interdits.<\/li>\n<\/ul>\n\n\n\n<p class=\"wp-block-paragraph\">Ne manquez pas cette occasion unique de vous plonger dans l\u2019univers de l\u2019agriculture moderne et d\u2019explorer les solutions qui fa\u00e7onneront l\u2019avenir de vos exploitations. Rendez-vous les 4 et 5 septembre 2024 \u00e0 Ondes pour la 29\u00e8me \u00e9dition d\u2019Innov-Agri !<\/p>\n\n\n\n<p class=\"wp-block-paragraph\"><em><a href=\"https:\/\/inscription-innovagri2024.site.calypso-event.net\/votre-demande-de-badge.htm\">T\u00e9l\u00e9chargez vote badge gratuitement !<\/a><\/em><\/p>\n","protected":false},"excerpt":{"rendered":"<p>Le salon qui cultive l\u2019avenir de l\u2019agriculture fran\u00e7aise Depuis plus de 30 ans, Innov-Agri, orchestr\u00e9 par Le Groupe France Agricole, se distingue comme un \u00e9v\u00e9nement en plein champ majeur. Sa mission : rapprocher les agriculteurs des fournisseurs de la fili\u00e8re dans des conditions r\u00e9elles d&rsquo;utilisation. Cette rencontre offre aux exploitants, \u00e9leveurs, et entrepreneurs une occasion [&hellip;]<\/p>\n","protected":false},"author":6,"featured_media":8573,"parent":0,"template":"","c-evenement":[],"class_list":["post-8569","evenement","type-evenement","status-publish","has-post-thumbnail"],"blocksy_meta":{"styles_descriptor":{"styles":{"desktop":"","tablet":"","mobile":""},"google_fonts":[],"version":7}},"acf":[],"_links":{"self":[{"href":"https:\/\/www.lagriculteur.fr\/blog\/wp-json\/wp\/v2\/evenement\/8569","targetHints":{"allow":["GET"]}}],"collection":[{"href":"https:\/\/www.lagriculteur.fr\/blog\/wp-json\/wp\/v2\/evenement"}],"about":[{"href":"https:\/\/www.lagriculteur.fr\/blog\/wp-json\/wp\/v2\/types\/evenement"}],"author":[{"embeddable":true,"href":"https:\/\/www.lagriculteur.fr\/blog\/wp-json\/wp\/v2\/users\/6"}],"version-history":[{"count":3,"href":"https:\/\/www.lagriculteur.fr\/blog\/wp-json\/wp\/v2\/evenement\/8569\/revisions"}],"predecessor-version":[{"id":8577,"href":"https:\/\/www.lagriculteur.fr\/blog\/wp-json\/wp\/v2\/evenement\/8569\/revisions\/8577"}],"wp:featuredmedia":[{"embeddable":true,"href":"https:\/\/www.lagriculteur.fr\/blog\/wp-json\/wp\/v2\/media\/8573"}],"wp:attachment":[{"href":"https:\/\/www.lagriculteur.fr\/blog\/wp-json\/wp\/v2\/media?parent=8569"}],"wp:term":[{"taxonomy":"c-evenement","embeddable":true,"href":"https:\/\/www.lagriculteur.fr\/blog\/wp-json\/wp\/v2\/c-evenement?post=8569"}],"curies":[{"name":"wp","href":"https:\/\/api.w.org\/{rel}","templated":true}]}}

<p class="wp-block-paragraph"><strong>Le salon qui cultive l’avenir de l’agriculture française</strong></p>



<p class="wp-block-paragraph">Depuis plus de 30 ans, Innov-Agri, orchestré par Le Groupe France Agricole, se distingue comme un événement en plein champ majeur. Sa mission : rapprocher les agriculteurs des fournisseurs de la filière dans des conditions réelles d&rsquo;utilisation. Cette rencontre offre aux exploitants, éleveurs, et entrepreneurs une occasion unique de se former, de s&rsquo;informer et de découvrir les dernières innovations techniques et process agricoles.</p>



<p class="wp-block-paragraph"><strong>Rendez-vous les 4 &amp; 5 septembre 2024 à Ondes (Haute-Garonne) !</strong></p>



<h3 class="wp-block-heading" id="innov-agri-preparez-l-avenir-de-votre-exploitation">Innov-Agri : préparez l&rsquo;avenir de votre exploitation</h3>



<p class="wp-block-paragraph"><strong>Optimisez votre pilotage agricole</strong></p>



<p class="wp-block-paragraph">Au salon <a href="https://www.lagriculteur.fr/blog/evenement/innov-agri-2023/" data-type="evenement" data-id="7474">Innov-Agri</a>, explorez des pistes techniques et économiques pour optimiser la gestion de votre exploitation. Rencontrez des experts, découvrez des technologies de pointe et des solutions innovantes adaptées à vos besoins spécifiques. Avec plus de 400 marques représentées, des leaders du marché aux entreprises émergentes, l’offre y est diversifiée et renouvelée.</p>



<p class="wp-block-paragraph"><strong>Des exposants diversifiés et renouvelés</strong></p>



<p class="wp-block-paragraph">Chaque édition d&rsquo;Innov-Agri accueille environ un quart de nouveaux exposants, offrant ainsi un panorama actualisé des dernières innovations en matière de produits et services agricoles. Que vous recherchiez des intrants, des solutions de stockage, du matériel agricole ou des services pour améliorer la performance de votre exploitation, Innov-Agri répond à toutes vos attentes.</p>



<h3 class="wp-block-heading" id="un-parcours-de-visite-unique">Un parcours de visite unique</h3>



<p class="wp-block-paragraph"><strong>Adapté à tous les profils d’agriculteurs</strong></p>



<p class="wp-block-paragraph">Que vous soyez céréalier, polyculteur éleveur, producteur de cultures spéciales ou industrielles, entrepreneur agricole ou simplement intéressé par l&rsquo;agriculture, Innov-Agri propose des solutions pertinentes pour chacun. Un parcours de visite unique vous guide à travers les différents stands, vous assurant de ne rien manquer de l&rsquo;événement.</p>



<figure class="wp-block-image size-large"><img loading="lazy" decoding="async" width="1024" height="154" src="https://www.lagriculteur.fr/blog/wp-content/uploads/2024/07/innovagr-1024x154.png" alt="innovagr" class="wp-image-8572" srcset="https://www.lagriculteur.fr/blog/wp-content/uploads/2024/07/innovagr-1024x154.png 1024w, https://www.lagriculteur.fr/blog/wp-content/uploads/2024/07/innovagr-300x45.png 300w, https://www.lagriculteur.fr/blog/wp-content/uploads/2024/07/innovagr-768x115.png 768w, https://www.lagriculteur.fr/blog/wp-content/uploads/2024/07/innovagr-1536x231.png 1536w, https://www.lagriculteur.fr/blog/wp-content/uploads/2024/07/innovagr.png 1816w" sizes="auto, (max-width: 1024px) 100vw, 1024px" /></figure>



<h3 class="wp-block-heading" id="des-demonstrations-et-ateliers-enrichissants">Des démonstrations et ateliers enrichissants</h3>



<p class="wp-block-paragraph"><strong>Voir, toucher, et comprendre</strong></p>



<p class="wp-block-paragraph">Innov-Agri, c’est le salon où vous pouvez voir et toucher les matériels agricoles en action. Profitez des démonstrations variées et souvent exclusives des nouveautés en plein champ. Assistez également à des ateliers et explorez les villages thématiques, où experts et exposants sont à votre disposition pour répondre à toutes vos questions et vous aider à amorcer ou approfondir vos projets.</p>



<h3 class="wp-block-heading" id="l-innovation-a-l-honneur">L’innovation à l’honneur</h3>



<p class="wp-block-paragraph"><strong>Découvrez les dernières avancées technologiques</strong></p>



<p class="wp-block-paragraph">Les constructeurs choisissent souvent Innov-Agri pour présenter leurs innovations en action pour la première fois. Venez découvrir les technologies qui révolutionneront l’agriculture de demain, des tracteurs de 50 CV aux mastodontes de plus de 1000 CV, des matériels de fenaison aux plus grandes barres de coupe.</p>



<h3 class="wp-block-heading" id="une-experience-de-visite-optimisee">Une expérience de visite optimisée</h3>



<p class="wp-block-paragraph"><strong>Confort et convivialité au rendez-vous</strong></p>



<p class="wp-block-paragraph">L’accès au salon se fait sans contact grâce à une plateforme d’enregistrement en ligne. Des espaces de restauration et des villages sanitaires sont répartis sur le site pour vous garantir une visite agréable. Innov-Agri, c’est aussi une ambiance conviviale et professionnelle, où les échanges et les rencontres sont favorisés.</p>



<p class="wp-block-paragraph"><strong>Entrée gratuite et pratique</strong></p>



<p class="wp-block-paragraph">Le Groupe NGPA, organisateur de l’événement, invite gratuitement tous les professionnels de l’agriculture. Assurez-vous de télécharger votre badge d’accès pour gagner du temps à l’entrée.</p>



<p class="wp-block-paragraph">Voir le prochain événement &gt;&gt; <a href="https://www.lagriculteur.fr/blog/evenement/eima-international-2024-un-rendez-vous-incontournable-pour-lavenir-de-lagriculture/" data-type="evenement" data-id="8217">EIMA International 2024 : un rendez-vous incontournable pour l’avenir de l’agriculture</a></p>



<h3 class="wp-block-heading" id="informations-pratiques">Informations pratiques</h3>



<p class="wp-block-paragraph"><strong>Horaires d&rsquo;ouverture</strong></p>



<ul class="wp-block-list">
<li>Exposants : Mercredi 4 septembre de 7h00 à 19h00, Jeudi 5 septembre de 7h00 à 21h00</li>



<li>Visiteurs : Mercredi 4 septembre de 8h30 à 18h30, Jeudi 5 septembre de 8h30 à 17h30</li>
</ul>



<p class="wp-block-paragraph"><strong>Lieu et accès</strong></p>



<ul class="wp-block-list">
<li>Adresse : Lycée Agricole d’Ondes, Route de Castelnau, 31330 Ondes</li>



<li>Accès par l’autoroute E9, sortie n°10.1 GRENADE – Eurocentre</li>
</ul>



<p class="wp-block-paragraph"><strong>Services sur place</strong></p>



<ul class="wp-block-list">
<li>Parking gratuit sans surveillance</li>



<li>Restauration : 4 snacks répartis sur le site</li>



<li>Vestiaire et consignes non disponibles</li>
</ul>



<p class="wp-block-paragraph"><strong>Règles de sécurité</strong></p>



<ul class="wp-block-list">
<li>Plan Vigipirate en vigueur : arrivez tôt, évitez les sacs inutiles, ayez une pièce d’identité sur vous.</li>



<li>Animaux acceptés en laisse, objets tranchants interdits.</li>
</ul>



<p class="wp-block-paragraph">Ne manquez pas cette occasion unique de vous plonger dans l’univers de l’agriculture moderne et d’explorer les solutions qui façonneront l’avenir de vos exploitations. Rendez-vous les 4 et 5 septembre 2024 à Ondes pour la 29ème édition d’Innov-Agri !</p>



<p class="wp-block-paragraph"><em><a href="https://inscription-innovagri2024.site.calypso-event.net/votre-demande-de-badge.htm">Téléchargez vote badge gratuitement !</a></em></p>

<p>Le salon qui cultive l’avenir de l’agriculture française Depuis plus de 30 ans, Innov-Agri, orchestré par Le Groupe France Agricole, se distingue comme un événement en plein champ majeur. Sa mission : rapprocher les agriculteurs des fournisseurs de la filière dans des conditions réelles d&rsquo;utilisation. Cette rencontre offre aux exploitants, éleveurs, et entrepreneurs une occasion [&hellip;]</p>
